{"id":5450,"date":"2023-01-10T23:31:44","date_gmt":"2023-01-10T23:31:44","guid":{"rendered":"https:\/\/arkespace.com\/?page_id=5450"},"modified":"2023-01-21T21:29:54","modified_gmt":"2023-01-21T21:29:54","slug":"projectcharterschool","status":"publish","type":"page","link":"https:\/\/arkespace.com\/?page_id=5450&lang=fr","title":{"rendered":"frprojectCharterSchool"},"content":{"rendered":"<section class=\"wpb-content-wrapper\"><p>[vc_row full_width=&#8221;stretch_row_content_no_spaces&#8221; no_bottom_margin=&#8221;yes&#8221;][vc_column]\t\t\t<script src=\"\/\/arkespace.com\/wp\/wp-content\/plugins\/revslider\/public\/assets\/js\/rbtools.min.js?rev=6.6.10\"><\/script>\n\t\t\t<script src=\"\/\/arkespace.com\/wp\/wp-content\/plugins\/revslider\/public\/assets\/js\/rs6.min.js?rev=6.6.10\"><\/script>\n\n\t\t\t<!-- START CharterSchool REVOLUTION SLIDER 6.6.10 --><p class=\"rs-p-wp-fix\"><\/p>\n\t\t\t<rs-module-wrap id=\"rev_slider_13_1_wrapper\" data-source=\"gallery\" style=\"visibility:hidden;background:#eeeeee;padding:0;margin:0px auto;margin-top:0;margin-bottom:0;\">\n\t\t\t\t<rs-module id=\"rev_slider_13_1\" style=\"\" data-version=\"6.6.10\">\n\t\t\t\t\t<rs-slides style=\"overflow: hidden; position: absolute;\">\n\t\t\t\t\t\t<rs-slide style=\"position: absolute;\" data-key=\"rs-94\" data-title=\"CS-1\" data-thumb=\"\/\/arkespace.com\/wp\/wp-content\/uploads\/2023\/01\/081-Charter-school-copy-300x150.jpg\" data-duration=\"6000ms\" data-anim=\"ms:500;\" data-in=\"o:0;\" data-out=\"a:false;\">\n\t\t\t\t\t\t\t<img src=\"\/\/arkespace.com\/wp\/wp-content\/plugins\/revslider\/public\/assets\/assets\/dummy.png\" alt=\"\" title=\"081-Charter school copy\" width=\"1306\" height=\"1600\" class=\"rev-slidebg tp-rs-img rs-lazyload\" data-lazyload=\"\/\/arkespace.com\/wp\/wp-content\/uploads\/2023\/01\/081-Charter-school-copy.jpg\" data-no-retina>\n<!---->\t\t\t\t\t\t<\/rs-slide>\n\t\t\t\t\t\t<rs-slide style=\"position: absolute;\" data-key=\"rs-95\" data-title=\"CS-2\" data-thumb=\"\/\/arkespace.com\/wp\/wp-content\/uploads\/2023\/01\/081a-Charter-School-Int_dennis-gilbert-copy-300x150.png\" data-duration=\"6000ms\" data-anim=\"ms:500;\" data-in=\"o:0;\" data-out=\"a:false;\">\n\t\t\t\t\t\t\t<img src=\"\/\/arkespace.com\/wp\/wp-content\/plugins\/revslider\/public\/assets\/assets\/dummy.png\" alt=\"\" title=\"081a-Charter School Int_dennis gilbert copy\" width=\"1220\" height=\"1214\" class=\"rev-slidebg tp-rs-img rs-lazyload\" data-lazyload=\"\/\/arkespace.com\/wp\/wp-content\/uploads\/2023\/01\/081a-Charter-School-Int_dennis-gilbert-copy.png\" data-no-retina>\n<!---->\t\t\t\t\t\t<\/rs-slide>\n\t\t\t\t\t\t<rs-slide style=\"position: absolute;\" data-key=\"rs-96\" data-title=\"CS-3\" data-thumb=\"\/\/arkespace.com\/wp\/wp-content\/uploads\/2023\/01\/082-Charter-School-Edited-300x150.jpg\" data-duration=\"6000ms\" data-in=\"o:0;\" data-out=\"a:false;\">\n\t\t\t\t\t\t\t<img src=\"\/\/arkespace.com\/wp\/wp-content\/plugins\/revslider\/public\/assets\/assets\/dummy.png\" alt=\"\" title=\"082-Charter School Edited\" width=\"1900\" height=\"888\" class=\"rev-slidebg tp-rs-img rs-lazyload\" data-lazyload=\"\/\/arkespace.com\/wp\/wp-content\/uploads\/2023\/01\/082-Charter-School-Edited.jpg\" data-no-retina>\n<!---->\t\t\t\t\t\t<\/rs-slide>\n\t\t\t\t\t\t<rs-slide style=\"position: absolute;\" data-key=\"rs-97\" data-title=\"CS-4\" data-thumb=\"\/\/arkespace.com\/wp\/wp-content\/uploads\/2023\/01\/083-Charter-School-Edited-300x150.jpg\" data-duration=\"6000ms\" data-in=\"o:0;\" data-out=\"a:false;\">\n\t\t\t\t\t\t\t<img src=\"\/\/arkespace.com\/wp\/wp-content\/plugins\/revslider\/public\/assets\/assets\/dummy.png\" alt=\"\" title=\"083-Charter School Edited\" width=\"1000\" height=\"475\" class=\"rev-slidebg tp-rs-img rs-lazyload\" data-lazyload=\"\/\/arkespace.com\/wp\/wp-content\/uploads\/2023\/01\/083-Charter-School-Edited.jpg\" data-bg=\"p:center top;\" data-no-retina>\n<!---->\t\t\t\t\t\t<\/rs-slide>\n\t\t\t\t\t\t<rs-slide style=\"position: absolute;\" data-key=\"rs-98\" data-title=\"CS-5\" data-thumb=\"\/\/arkespace.com\/wp\/wp-content\/uploads\/2023\/01\/084-Charter-School-Edited-300x150.jpg\" data-duration=\"6000ms\" data-anim=\"ms:500;\" data-in=\"o:0;\" data-out=\"a:false;\">\n\t\t\t\t\t\t\t<img src=\"\/\/arkespace.com\/wp\/wp-content\/plugins\/revslider\/public\/assets\/assets\/dummy.png\" alt=\"\" title=\"084-Charter School Edited\" width=\"2000\" height=\"1388\" class=\"rev-slidebg tp-rs-img rs-lazyload\" data-lazyload=\"\/\/arkespace.com\/wp\/wp-content\/uploads\/2023\/01\/084-Charter-School-Edited.jpg\" data-bg=\"p:center top;\" data-no-retina>\n<!---->\t\t\t\t\t\t<\/rs-slide>\n\t\t\t\t\t\t<rs-slide style=\"position: absolute;\" data-key=\"rs-99\" data-title=\"CS-6\" data-thumb=\"\/\/arkespace.com\/wp\/wp-content\/uploads\/2023\/01\/085-Charter-School-Edited-scaled-300x150.jpg\" data-duration=\"6000ms\" data-anim=\"ms:500;\" data-in=\"o:0;\" data-out=\"a:false;\">\n\t\t\t\t\t\t\t<img src=\"\/\/arkespace.com\/wp\/wp-content\/plugins\/revslider\/public\/assets\/assets\/dummy.png\" alt=\"\" title=\"085-Charter School Edited\" width=\"2560\" height=\"1007\" class=\"rev-slidebg tp-rs-img rs-lazyload\" data-lazyload=\"\/\/arkespace.com\/wp\/wp-content\/uploads\/2023\/01\/085-Charter-School-Edited-scaled.jpg\" data-bg=\"p:center top;\" data-no-retina>\n<!---->\t\t\t\t\t\t<\/rs-slide>\n\t\t\t\t\t<\/rs-slides>\n\t\t\t\t<\/rs-module>\n\t\t\t\t<script>\n\t\t\t\t\tsetREVStartSize({c: 'rev_slider_13_1',rl:[1240,1024,778,480],el:[700,650,650,300],gw:[1140,1024,778,480],gh:[700,650,650,300],type:'standard',justify:'',layout:'fullwidth',mh:\"700\"});if (window.RS_MODULES!==undefined && window.RS_MODULES.modules!==undefined && window.RS_MODULES.modules[\"revslider131\"]!==undefined) {window.RS_MODULES.modules[\"revslider131\"].once = false;window.revapi13 = undefined;if (window.RS_MODULES.checkMinimal!==undefined) window.RS_MODULES.checkMinimal()}\n\t\t\t\t<\/script>\n\t\t\t<\/rs-module-wrap>\n\t\t\t<!-- END REVOLUTION SLIDER -->\n[vc_row_inner el_class=&#8221;homepage-service&#8221; css=&#8221;.vc_custom_1673050843925{margin-top: 0px !important;margin-right: 0px !important;margin-bottom: 0px !important;margin-left: 0px !important;}&#8221;][vc_column_inner width=&#8221;1\/2&#8243;][vc_column_text css=&#8221;.vc_custom_1674336491779{border-top-width: 0px !important;border-right-width: 0px !important;border-bottom-width: 0px !important;border-left-width: 0px !important;}&#8221;]<\/p>\n<h4 style=\"text-align: left;\"><strong>charter school, londres, avec penoyre &amp; prasad <\/strong><\/h4>\n<p>[\/vc_column_text][\/vc_column_inner][\/vc_row_inner][\/vc_column][\/vc_row][vc_row full_width=&#8221;stretch_row&#8221; content_placement=&#8221;top&#8221; css=&#8221;.vc_custom_1673011299601{margin-bottom: 0px !important;border-bottom-width: 1px !important;background-color: #222222 !important;border-bottom-color: #333333 !important;border-bottom-style: solid !important;}&#8221; el_class=&#8221;homepage-service&#8221;][vc_column width=&#8221;1\/2&#8243; css=&#8221;.vc_custom_1526649829873{padding-top: 0px !important;}&#8221;][vc_column_text css=&#8221;.vc_custom_1674336583023{margin-bottom: 0px !important;padding-top: 0px !important;}&#8221;]<span style=\"color: #999999;\">La Charter School, sud de Londres, \u00e9tait une grappe de b\u00e2timents d\u00e9labr\u00e9s des ann\u00e9es 1950s, pr\u00e9c\u00e9demment d\u00e9crits comme une \u00e9cole de type \u00ab&nbsp;\u00e9vier&nbsp;\u00bb, qui \u00e9tait devenue \u00ab&nbsp;impropre&nbsp;\u00bb \u00e0 l\u2019usage. Il s\u2019agissait d\u2019une transformation spectaculaire des b\u00e2timents existants en un environnement d\u2019apprentissage exemplaire pour 1200 \u00e9l\u00e8ves. Le projet a \u00e9t\u00e9 ex\u00e9cut\u00e9 de fa\u00e7on progressive, en commen\u00e7ant par la cr\u00e9ation d\u2019un nouveau foyer d\u2019entr\u00e9e qui a litt\u00e9ralement d\u00e9coup\u00e9 un coin de l\u2019\u00e9difice de la cour.<\/span><\/p>\n<p><span style=\"color: #999999;\">On a beaucoup insist\u00e9 sur la strat\u00e9gie environnementale visant \u00e0 minimiser l\u2019\u00e9nergie, \u00e0 conserver et \u00e0 recycler les ressources. Nous observons cela dans le nouveau toit partiellement vitr\u00e9 sur cour qui est utilis\u00e9 pour collecter l\u2019\u00e9nergie solaire et l\u2019eau de pluie pour le recyclage dans les WCs; toits vegital\u00e9 \u00e9tendus am\u00e9liorer la biodiversit\u00e9; et la masse thermique \u00e9lev\u00e9e de la structure en b\u00e9ton qui aide \u00e0 stabiliser les temp\u00e9ratures internes.<\/span>[\/vc_column_text][\/vc_column][\/vc_row]<\/p>\n<\/section>","protected":false},"excerpt":{"rendered":"<p>[vc_row full_width=&#8221;stretch_row_content_no_spaces&#8221; no_bottom_margin=&#8221;yes&#8221;][vc_column][vc_row_inner el_class=&#8221;homepage-service&#8221; css=&#8221;.vc_custom_1673050843925{margin-top: 0px !important;margin-right: 0px !important;margin-bottom: 0px !important;margin-left: 0px !important;}&#8221;][vc_column_inner width=&#8221;1\/2&#8243;][vc_column_text css=&#8221;.vc_custom_1674336491779{border-top-width: 0px !important;border-right-width: 0px !important;border-bottom-width: 0px !important;border-left-width: 0px !important;}&#8221;] charter school, londres, avec penoyre &amp; prasad [\/vc_column_text][\/vc_column_inner][\/vc_row_inner][\/vc_column][\/vc_row][vc_row full_width=&#8221;stretch_row&#8221; content_placement=&#8221;top&#8221; css=&#8221;.vc_custom_1673011299601{margin-bottom: 0px !important;border-bottom-width: 1px !important;background-color: #222222 !important;border-bottom-color: #333333 !important;border-bottom-style: solid !important;}&#8221; el_class=&#8221;homepage-service&#8221;][vc_column width=&#8221;1\/2&#8243; css=&#8221;.vc_custom_1526649829873{padding-top: 0px !important;}&#8221;][vc_column_text css=&#8221;.vc_custom_1674336583023{margin-bottom: 0px !important;padding-top: 0px !important;}&#8221;]La Charter&hellip;<\/p>\n","protected":false},"author":1,"featured_media":5510,"parent":0,"menu_order":0,"comment_status":"closed","ping_status":"closed","template":"","meta":{"inline_featured_image":false},"acf":[],"_links":{"self":[{"href":"https:\/\/arkespace.com\/index.php?rest_route=\/wp\/v2\/pages\/5450"}],"collection":[{"href":"https:\/\/arkespace.com\/index.php?rest_route=\/wp\/v2\/pages"}],"about":[{"href":"https:\/\/arkespace.com\/index.php?rest_route=\/wp\/v2\/types\/page"}],"author":[{"embeddable":true,"href":"https:\/\/arkespace.com\/index.php?rest_route=\/wp\/v2\/users\/1"}],"replies":[{"embeddable":true,"href":"https:\/\/arkespace.com\/index.php?rest_route=%2Fwp%2Fv2%2Fcomments&post=5450"}],"version-history":[{"count":3,"href":"https:\/\/arkespace.com\/index.php?rest_route=\/wp\/v2\/pages\/5450\/revisions"}],"predecessor-version":[{"id":5453,"href":"https:\/\/arkespace.com\/index.php?rest_route=\/wp\/v2\/pages\/5450\/revisions\/5453"}],"wp:featuredmedia":[{"embeddable":true,"href":"https:\/\/arkespace.com\/index.php?rest_route=\/wp\/v2\/media\/5510"}],"wp:attachment":[{"href":"https:\/\/arkespace.com\/index.php?rest_route=%2Fwp%2Fv2%2Fmedia&parent=5450"}],"curies":[{"name":"wp","href":"https:\/\/api.w.org\/{rel}","templated":true}]}}