{"id":5713,"date":"2023-02-01T16:44:30","date_gmt":"2023-02-01T16:44:30","guid":{"rendered":"https:\/\/arkespace.com\/?page_id=5713"},"modified":"2023-02-01T19:20:37","modified_gmt":"2023-02-01T19:20:37","slug":"a-propos-de-nous","status":"publish","type":"page","link":"https:\/\/arkespace.com\/?page_id=5713&lang=fr","title":{"rendered":"\u00c0 propos de nous"},"content":{"rendered":"<section class=\"wpb-content-wrapper\"><p>[vc_row][vc_column reveal_effect=&#8221;fadeIn&#8221; reveal_duration=&#8221;0.7&#8243; reveal_delay=&#8221;0.1&#8243;][lab_heading title_tag=&#8221;H1&#8243; title=&#8221;\u00e0 propos de nous&#8221; css=&#8221;.vc_custom_1675269897076{padding-bottom: 0px !important;}&#8221;][\/lab_heading][\/vc_column][\/vc_row][vc_row][vc_column][vc_column_text css=&#8221;.vc_custom_1675270583341{margin-bottom: 10px !important;border-bottom-width: 10px !important;padding-bottom: 10px !important;}&#8221;]<b><span style=\"color: #808080;\">ark<\/span><span style=\"color: #003300;\">E<\/span><span style=\"color: #808080;\">space<\/span><\/b> est un studio d\u2019architecture offrant une panoplie de services architecturaux. De la conception \u00e0 la livraison d\u2019un \u00e9difice \u00e0 usage d\u2019habitation, de travail ou de loisir, \u00e0 la r\u00e9novation, la r\u00e9habilitation ou l\u2019am\u00e9nagement de constructions existantes, nous cr\u00e9ons pour et avec vous.<\/p>\n<p><strong><div id=\"pressrelease-link-5713\" class=\"sh-link pressrelease-link sh-hide\"><a href=\"#\" onclick=\"showhide_toggle('pressrelease', 5713, 'voir plus...', '...voir moins'); return false;\" aria-expanded=\"false\"><span id=\"pressrelease-toggle-5713\">voir plus...<\/span><\/a><\/div><div id=\"pressrelease-content-5713\" class=\"sh-content pressrelease-content sh-hide\" style=\"display: none;\"><\/strong><\/p>\n<p>Notre vision est celle d\u2019une architecture soucieuse d\u2019humanit\u00e9 et respectueuse de l\u2019environnement qui apporte harmonie et plaisir aux espaces que nous investissons. Les relations sinc\u00e8res et constructives que nous forgeons avec nos clients permettent une red\u00e9finition continue du processus de cr\u00e9ation pour l\u2019ajuster au plus pr\u00e8s de leurs besoins et de leurs attentes. Le client est au c\u0153ur du processus cr\u00e9atif, que ce soit dans le choix des mat\u00e9riaux, de l\u2019ambiance conceptuelle du design et dans l\u2019incarnation ultime de leur vision.<\/p>\n<p>&nbsp;<\/p>\n<p><b>Caroline Osewe &#8211; Directrice<br \/>\nBSc Architecture, BArch, MSc Construction Management<\/b><\/p>\n<p>Caroline Osewe dirige arkEspace apr\u00e8s un parcours d\u2019\u00e9tudes et de pratique de l\u2019architecture au Royaume-Uni. Elle s\u2019appuie sur une vaste exp\u00e9rience de projets r\u00e9sidentiels, collectifs et publics au Royaume-Uni et en France. Elle est inscrite \u00e0 \u2018<strong>l&#8217;Ordre des Architectes Auvergne Rh\u00f4ne-Alpes<\/strong>\u2019.<\/p>\n<p><b><span style=\"color: #808080;\">ark<\/span><span style=\"color: #003300;\">E<\/span><span style=\"color: #808080;\">space<\/span><\/b> s\u2019engage aupr\u00e8s de la communaut\u00e9 locale, en particulier des jeunes, pour sensibiliser le public \u00e0 l\u2019architecture et l\u2019\u00e9space civique. Caroline Osewe a accueilli des \u00e9coliers pour passer du temps au bureau pour une exp\u00e9rience professionnelle. Elle a \u00e9galement r\u00e9alis\u00e9 des entretiens avec le coll\u00e9ge locale en r\u00e9pondant \u00e0 des questions d\u2019approfondissement sur la nature de la profession de la part d\u2019\u00e9tudiants int\u00e9ress\u00e9s par l\u2019architecture comme cheminement de carri\u00e8re potentiel. <\/div>\n<p>&nbsp;<\/p>\n<p><b>rencontrez caroline osewe\u2026<\/b>[\/vc_column_text][vc_video link=&#8221;https:\/\/youtu.be\/lD1SgkV_reA&#8221; align=&#8221;center&#8221; css=&#8221;.vc_custom_1674513158843{margin-top: 0px !important;border-top-width: 0px !important;padding-top: 0px !important;}&#8221;][vc_column_text css=&#8221;.vc_custom_1675269949040{margin-top: 0px !important;margin-right: 0px !important;margin-bottom: 0px !important;margin-left: 0px !important;border-top-width: 0px !important;border-right-width: 0px !important;border-bottom-width: 0px !important;border-left-width: 0px !important;padding-top: 0px !important;padding-right: 0px !important;padding-bottom: 0px !important;padding-left: 0px !important;}&#8221;]<strong>entretien avec l\u2019\u00e9cole locale, coll\u00e8ge marcel anthonioz, divonne-les-bains<\/strong>[\/vc_column_text][\/vc_column][\/vc_row]<\/p>\n<\/section>","protected":false},"excerpt":{"rendered":"<p>[vc_row][vc_column reveal_effect=&#8221;fadeIn&#8221; reveal_duration=&#8221;0.7&#8243; reveal_delay=&#8221;0.1&#8243;][lab_heading title_tag=&#8221;H1&#8243; title=&#8221;\u00e0 propos de nous&#8221; css=&#8221;.vc_custom_1675269897076{padding-bottom: 0px !important;}&#8221;][\/lab_heading][\/vc_column][\/vc_row][vc_row][vc_column][vc_column_text css=&#8221;.vc_custom_1675270583341{margin-bottom: 10px !important;border-bottom-width: 10px !important;padding-bottom: 10px !important;}&#8221;]arkEspace est un studio d\u2019architecture offrant une panoplie de services architecturaux. De la conception \u00e0 la livraison d\u2019un \u00e9difice \u00e0 usage d\u2019habitation, de travail ou de loisir, \u00e0 la r\u00e9novation, la r\u00e9habilitation ou l\u2019am\u00e9nagement de constructions existantes,&hellip;<\/p>\n","protected":false},"author":1,"featured_media":5510,"parent":0,"menu_order":0,"comment_status":"closed","ping_status":"closed","template":"","meta":{"inline_featured_image":false},"acf":[],"_links":{"self":[{"href":"https:\/\/arkespace.com\/index.php?rest_route=\/wp\/v2\/pages\/5713"}],"collection":[{"href":"https:\/\/arkespace.com\/index.php?rest_route=\/wp\/v2\/pages"}],"about":[{"href":"https:\/\/arkespace.com\/index.php?rest_route=\/wp\/v2\/types\/page"}],"author":[{"embeddable":true,"href":"https:\/\/arkespace.com\/index.php?rest_route=\/wp\/v2\/users\/1"}],"replies":[{"embeddable":true,"href":"https:\/\/arkespace.com\/index.php?rest_route=%2Fwp%2Fv2%2Fcomments&post=5713"}],"version-history":[{"count":3,"href":"https:\/\/arkespace.com\/index.php?rest_route=\/wp\/v2\/pages\/5713\/revisions"}],"predecessor-version":[{"id":5717,"href":"https:\/\/arkespace.com\/index.php?rest_route=\/wp\/v2\/pages\/5713\/revisions\/5717"}],"wp:featuredmedia":[{"embeddable":true,"href":"https:\/\/arkespace.com\/index.php?rest_route=\/wp\/v2\/media\/5510"}],"wp:attachment":[{"href":"https:\/\/arkespace.com\/index.php?rest_route=%2Fwp%2Fv2%2Fmedia&parent=5713"}],"curies":[{"name":"wp","href":"https:\/\/api.w.org\/{rel}","templated":true}]}}